t is the remainder when 6965523 is divided by 690?
663
Calculate the remainder when 36081570 is divided by 19111.
2
What is the remainder when 724396 is divided by 180931?
672
Calculate the remainder when 21592 is divided by 21212.
380
What is the remainder when 4711751 is divided by 49?
9
Calculate the remainder when 1894330 is divided by 15786.
10
What is the remainder when 2189344 is divided by 873?
733
What is the remainder when 719878 is divided by 191?
190
What is the remainder when 56978321 is divided by 826?
15
Calculate the remainder when 1153304 is divided by 144155.
64
What is the remainder when 74926 is divided by 24414?
1684
Calculate the remainder when 51542525 is divided by 442.
21
What is the remainder when 22631975 is divided by 496?
487
What is the remainder when 3126337 is divided by 8102?
7067
What is the remainder when 73120 is divided by 983?
378
What is the remainder when 1316000 is divided by 77408?
64
What is the remainder when 193728 is divided by 1139?
98
Calculate the remainder when 12233273 is divided by 3977.
21
What is the remainder when 27592 is divided by 27448?
144
What is the remainder when 42741280 is divided by 47970?
10
Calculate the remainder when 34856 is divided by 7864.
3400
What is the remainder when 345702 is divided by 11?
5
What is the remainder when 1187509 is divided by 679?
617
Calculate the remainder when 1358984 is divided by 2284.
4
Calculate the remainder when 579782 is divided by 385.
357
Calculate the remainder when 367095 is divided by 495.
300
Calculate the remainder when 72719 is divided by 35579.
1561
Calculate the remainder when 61420 is divided by 12284.
0
What is the remainder when 6208239 is divided by 2535?
24
Calculate the remainder when 104633352 is divided by 183.
174
What is the remainder when 1397726 is divided by 88?
22
Calculate the remainder when 9175514 is divided by 1022.
1020
Calculate the remainder when 2318900 is divided by 1159433.
34
What is the remainder when 106007493 is divided by 3419596?
17
Calculate the remainder when 442107 is divided by 1551.
72
Calculate the remainder when 5244741 is divided by 18.
9
Calculate the remainder when 18052174 is divided by 5675.
5674
Calculate the remainder when 16442 is divided by 1868.
1498
What is the remainder when 2829075 is divided by 14508?
15
Calculate the remainder when 18053108 is divided by 328.
316
Calculate the remainder when 5828146 is divided by 85703.
342
Calculate the remainder when 937032 is divided by 13980.
372
What is the remainder when 272402 is divided by 860?
642
Calculate the remainder when 967238 is divided by 1171.
1163
Calculate the remainder when 7902151 is divided by 94073.
19
What is the remainder when 2535926 is divided by 3206?
3186
What is the remainder when 398976 is divided by 300?
276
Calculate the remainder when 152952 is divided by 4253.
4097
What is the remainder when 5604162 is divided by 25357?
265
Calculate the remainder when 7191150 is divided by 162.
132
Calculate the remainder when 1219028 is divided by 2180.
408
Calculate the remainder when 13296634 is divided by 49.
43
What is the remainder when 2028500 is divided by 214?
208
What is the remainder when 2050493 is divided by 5396?
13
Calculate the remainder when 454304 is divided by 227074.
156
What is the remainder when 32193365 is divided by 243?
239
What is the remainder when 301294 is divided by 1137?
1126
Calculate the remainder when 3579532 is divided by 46.
42
Calculate the remainder when 190837 is divided by 277.
261
What is the remainder when 34832714 is divided by 11610892?
38
What is the remainder when 16557 is divided by 7272?
2013
What is the remainder when 401792366 is divided by 13?
1
Calculate the remainder when 80787702 is divided by 71.
68
What is the remainder when 3127944 is divided by 731?
726
What is the remainder when 1985665 is divided by 79426?
15
What is the remainder when 331001570 is divided by 583777?
11
What is the remainder when 68992457 is divided by 1031?
1030
What is the remainder when 70782649 is divided by 229070?
19
What is the remainder when 593274 is divided by 108?
30
Calculate the remainder when 777860 is divided by 756.
692
Calculate the remainder when 3427809 is divided by 856860.
369
Calculate the remainder when 1554589 is divided by 101.
98
What is the remainder when 27567333 is divided by 7?
3
Calculate the remainder when 8444202 is divided by 8444184.
18
Calculate the remainder when 4939408 is divided by 66.
34
What is the remainder when 63720622 is divided by 80?
62
Calculate the remainder when 389310541 is divided by 2018.
2017
What is the remainder when 1162152 is divided by 1161698?
454
What is the remainder when 356301 is divided by 70765?
2476
Calculate the remainder when 4871393 is divided by 12427.
9
Calculate the remainder when 10983275 is divided by 654.
653
What is the remainder when 39656 is divided by 19715?
226
What is the remainder when 1057221 is divided by 406?
403
Calculate the remainder when 219920 is divided by 72286.
3062
Calculate the remainder when 41859 is divided by 1159.
135
What is the remainder when 64358 is divided by 15866?
894
Calculate the remainder when 4589 is divided by 3046.
1543
What is the remainder when 153126 is divided by 38212?
278
What is the remainder when 817014 is divided by 1154?
1136
Calculate the remainder when 13332280 is divided by 5116.
5100
What is the remainder when 3888141 is divided by 25749?
42
Calculate the remainder when 49070 is divided by 8066.
674
Calculate the remainder when 3572197 is divided by 100.
97
What is the remainder when 8751038 is divided by 318?
314
What is the remainder when 19816 is divided by 2460?
136
Calculate the remainder when 9227717 is divided by 22.
15
What is the remainder when 855294 is divided by 427638?
18
Calculate the remainder when 580213 is divided by 580202.
11
What is the remainder when 4250695 is divided by 371?
148
Calculate the remainder when 15115988 is divided by 10297.
10289
What is the remainder when 9600450 is divided by 335?
20
What is the remainder when 208068925 is divided by 58644?
13
What is the remainder when 65265069 is divided by 16?
13
Calculate the remainder when 5734782 is divided by 87.
3
Calculate the remainder when 5256317 is divided by 109.
10
Calculate the remainder when 1251349 is divided by 200.
149
Calculate the remainder when 504243 is divided by 504212.
31
What is the remainder when 1441430 is divided by 13224?
14
What is the remainder when 29703186 is divided by 456972?
6
What is the remainder when 238485 is divided by 6113?
78
Calculate the remainder when 983563 is divided by 289.
96
What is the remainder when 567418 is divided by 27019?
19
Calculate the remainder when 2282836 is divided by 760932.
40
What is the remainder when 314176 is divided by 419?
345
Calculate the remainder when 25747 is divided by 51.
43
What is the remainder when 163700888 is divided by 1942?
1940
What is the remainder when 539621878 is divided by 14?
12
Calculate the remainder when 4573075 is divided by 74968.
27
Calculate the remainder when 54246 is divided by 27106.
34
Calculate the remainder when 37632618 is divided by 817.
781
What is the remainder when 17283 is divided by 8070?
1143
What is the remainder when 39924 is divided by 5713?
5646
What is the remainder when 439521 is divided by 313?
69
Calculate the remainder when 2045427 is divided by 681805.
12
Calculate the remainder when 8487119 is divided by 12.
11
What is the remainder when 649584 is divided by 1532?
16
Calculate the remainder when 45100 is divided by 609.
34
What is the remainder when 4291359 is divided by 3?
0
What is the remainder when 12483205 is divided by 6241600?
5
What is the remainder when 15036572 is divided by 25?
22
What is the remainder when 3421252 is divided by 940?
592
What is the remainder when 15694 is divided by 15683?
11
Calculate the remainder when 90743087 is divided by 1604.
1599
Calculate the remainder when 2231250 is divided by 89250.
0
What is the remainder when 113810 is divided by 56826?
158
Calculate the remainder when 1025031 is divided by 128118.
87
Calculate the remainder when 37587 is divided by 2648.
515
What is the remainder when 2017926 is divided by 713?
136
What is the remai